Let c(m) = -5*r(m) + 2*s(m). Suppose 3*y - 3*a = -12, -26*y + 21*y + 4*a - 23 = 0. What is c(y)?
-4
Let m = 5 - 14. Let s(t) = 658*t + 5. Let d(u) = -164*u - 3. Let i(j) = 4*d(j) + s(j). Determine i(m).
-25
Let c(u) = 989*u - 974. Let s be c(1). Let f(a) = -20*a + 302. What is f(s)?
2
Let t be 9/(-3) - (1 - (8 - 13)). Let u(y) = -y**2 - 12*y - 19. Calculate u(t).
8
Suppose 300 = -0*l + 25*l. Let t be 2/(16/84*l - 2). Let i(s) = -3*s + 1. Calculate i(t).
-20
Let c(h) = 5066 - 10142 + h**3 - 10*h**2 - 30*h + 5093 - h**2. Give c(13).
-35
Let i = 37 - -93. Let m(g) = -1 + 129*g**3 + 2*g**2 - 2*g**2 - i*g**3 - g. Let a be 0/((0 - 0) + 1). Calculate m(a).
-1
Let q(l) = 4*l**3 + 16*l**2 - 3*l - 4. Let d(m) = -9*m**3 - 33*m**2 + 8*m + 6. Let b(s) = 3*d(s) + 7*q(s). Give b(-13).
-49
Let n(k) = 3*k - 42. Let u be n(15). Let g(v) = v + 8*v**2 + 4*v**2 - 26 + v**u + 15 + 17. Give g(-12).
-6
Let k(a) = 12*a**2 + 420*a - 10. Let v be k(-35). Let j(t) = -t**2 + 2. Let l be j(0). Let n(x) = -11 + 0*x + 0*x - l*x. Give n(v).
9
Let i(c) = 6*c - 36. Let o be i(6). Suppose o = 4*z - 3*r + 35, -r + 0*r + 20 = -3*z. Let u(s) = s**2 + 7*s + 5. Determine u(z).
-5
Suppose 5*i = 3*u + 27, 3*u = 4*i - 26 + 2. Let f(s) = 2044*s + 1 + 3*s**2 - 2*s**2 - 2041*s. Determine f(u).
5
Let g(x) = x**3 + 3*x**2 + 3*x + 3. Suppose -5*i + 15 = p, 3*i + 0*i - p - 9 = 0. Let r(c) = c**2 - c + 5. Let o be r(i). Let t = o - 13. Calculate g(t).
1
Let y(j) be the second derivative of -j + 8*j**2 + 5 + 1/6*j**3. Determine y(-11).
5
Let r(g) = -5*g + 10. Let c(a) = 6*a - 10. Let w(x) = 2*c(x) + 3*r(x). Let h = 65012 + -65003. Determine w(h).
-17
Suppose -4*g = -16*o + 15*o - 36, -5*o + 27 = 3*g. Let i(m) = m**2 - g - 8*m + 24 - 2 - 12. Give i(6).
-11
Let x(j) = -j**3 + 8*j**2 + 26*j - 56. Let s = 1437 + -1427. Determine x(s).
4
Let m(h) = h**2 + 25*h + 49. Let n be m(-2). Let d(k) be the first derivative of k**4/2 - 2*k**3 + k**2/2 + k + 22. Determine d(n).
4
Let r(u) = -16*u - 133. Let p(l) = 2*l - 67. Let h(g) = 2*p(g) - r(g). Suppose 3*b = 2 + 1. What is h(b)?
19
Let g be (8 + -4)*(-1 + 2). Let o(l) = 2*l**2 + 20*l + 13*l - 36*l - g. Let z(c) = -c**3 - 5*c**2 - 2*c - 7. Let i be z(-5). Calculate o(i).
5
Let z = -1109 + 1099. Let x(g) = -4*g**2 - 40*g - 1. Give x(z).
-1
Let m(w) = -16*w**2 + 24*w. Let z(c) = -67*c**2 + 99*c - 1. Let o(n) = -25*m(n) + 6*z(n). Determine o(-3).
-6
Let h(n) = -n**3 + 3*n**2 + 10*n + 15. Let r be h(5). Let d(q) = -10*q + r*q - 4*q + 14. Give d(-6).
8
Suppose -k + 11*k = 80. Let a(o) = -k - 3*o + 20 - 8 - 4*o. Let z(m) = -m**3 - m**2 - 1. Let f be z(-2). Determine a(f).
-17
Let s(u) = u**3 - 1. Suppose 2*l + k - 13 + 10 = 0, 5*l - 5*k = -15. Calculate s(l).
-1
Let k(h) = -h - 11. Let a = 2 + -10. Let r(t) be the second derivative of -t**3/6 + t**2/2 + t. Let d be r(a). What is k(d)?
-20
Let i(w) = w**3 + 2*w**2 - 2*w + 1. Let l be (24/(-28))/(15/(-140)). Let t be l/2 - 8/4. What is i(t)?
13
Let v(y) be the second derivative of 3/2*y**3 - 43*y + 9/2*y**2 + 0 + 1/12*y**4. Let x be (-3)/((-3)/4)*-2. What is v(x)?
1
Let k(z) = 7*z**2 + 9*z - 26. Let g(l) = -2*l**2 - 2*l + 4. Let v(n) = 6*g(n) + k(n). Give v(-1).
-4
Let r(j) = -4*j + 196. Let p(g) = -22. Let y(m) = -8*p(m) - r(m). What is y(11)?
24
Let c(f) = -f**2 + f - 4. Let x be c(6). Let u(s) = 8*s**2 - 171*s + 26. Let y be u(21). Let l = x - y. Let b(k) = -k**3 + 2*k**2 + 3*k + 2. Give b(l).
2
Let h(f) = -f - 14. Let p be (-3 - 3/(-6))*6. Let t be h(p). Let x(q) = 4 - 10*q - 10*q - 5 + 4*q. Calculate x(t).
-17
Let a(y) = 6*y**2 - 22*y - 2. Let s(i) = -13*i**2 + 47*i + 2. Let q(o) = 5*a(o) + 2*s(o). Give q(4).
-6
Let t(b) = b**3 + 2*b**2 - b - 4. Let l(r) = 3*r**3 + 19*r**2 - 2*r - 30. Let j(y) = l(y) - 4*t(y). Let c = -14 + 25. What is j(c)?
8
Suppose -2*d - 4 = 4. Let y(w) be the first derivative of w**4/24 + w**3/6 - 7*w**2/2 - 84. Let j(m) be the second derivative of y(m). Determine j(d).
-3
Let x(m) be the first derivative of -m**7/840 - 7*m**6/360 - 7*m**5/120 + m**4/24 + 20*m**3/3 - 57. Let j(q) be the third derivative of x(q). Determine j(-6).
7
Let x(j) = -5 - j + 5. Suppose -17*n - 256 = -33*n. Suppose n*h - 30 = 11*h. What is x(h)?
-6
Let i = 5313 - 5315. Let z(y) = 4*y + 19. Determine z(i).
11
Suppose -91 = -6*h - 31. Let x(j) = 3*j - 7. Let p(n) be the first derivative of 7*n**2/2 - 14*n + 12. Let r(z) = 2*p(z) - 5*x(z). Determine r(h).
-3
Suppose 9*t - 48 = -3*t. Let v be t/6*27/(-6) + 3. Let s(u) = -1 + 2 - 3*u - 3 - u**2 + v*u. Determine s(-3).
-2
Let u(m) = 34*m - 13. Let i(y) = -19*y + 7. Let p(x) = 11*i(x) + 6*u(x). Determine p(1).
-6
Let t(k) = -k**3 - 9*k**2 - 2*k - 45. Let f be t(-10). Suppose 22 = 2*i + 4*g, -5*g = -77*i + f*i + 13. Let h(v) = 3*v - 13. Give h(i).
14
Let o be 1*(-1 + -1 + 1). Let h(c) be the third derivative of 42*c**2 - 11/120*c**6 + 1/6*c**3 + 0*c + 0 + 0*c**5 + 1/12*c**4. Calculate h(o).
10
Let u(s) be the first derivative of 4*s**2 + 1. Let t(w) = 7*w - 2. Let f be t(1). Let m be ((10/(-8))/f)/(3/(-12)). What is u(m)?
8
Let m(s) be the third derivative of -s**7/2520 - s**6/360 - 5*s**5/6 - 2*s**2 + 16. Let a(d) be the third derivative of m(d). Determine a(-5).
8
Let s(u) = 8*u**3 - 3*u - 3. Let r = -1473 - -1471. What is s(r)?
-61
Let g(l) = -2*l + 1. Let j(d) = -8*d + 5. Let f(s) = -8*s + 7. Let u(c) = 3*f(c) - 4*j(c). Let y(k) = -g(k) - u(k). Give y(-2).
10
Let i(m) = m**3 - 14*m**2 - 13*m - 25. Let j be i(15). Suppose h = 2*d + 4 - 17, -5*h = j*d - 10. Let f be 2*2/(4/h). Let s(g) = 3*g - 2. Calculate s(f).
-11
Let v(s) = s + 1. Let o be v(5). Suppose -o = -16*g + 19*g. Let c(u) be the first derivative of u**2 + 43. Give c(g).
-4
Let i(q) = -24*q**2 + q + 1. Let p(u) = 51*u**2 + 48*u - 12. Let x(f) = -2*i(f) - p(f). Calculate x(-17).
-7
Let m(l) be the first derivative of 3*l**4/4 - 3*l**3 + l**2/2 - 4*l - 5674. What is m(4)?
48
Let u = 3748 + -3765. Let j(w) = -w**2 - 17*w - 15. Determine j(u).
-15
Let p(n) = -3*n**3 + 6*n**2 - 8*n + 3. Let i = 1878 + -1875. What is p(i)?
-48
Let r(y) = -y**3 - 6*y**2 - 2*y - 8. Suppose 113*o - 109*o = 20. Suppose 3*m = o*q - 3, 5*m + 0*q + 27 = q. Determine r(m).
4
Let h(s) = 6593 - 8*s - 2274 - 2192 - 2307. Determine h(-23).
4
Suppose -7*d = 15*d - 198. Let a(y) = -2*y**2 + 12 + y**2 + 2 - 4 + 10*y + 0*y**2. Determine a(d).
19
Let m(c) = 562*c**3 + 7*c**2 + 304 - 282 - 563*c**3 + 18*c. Calculate m(9).
22
Let h = -1358 - -8149/6. Let x(n) be the third derivative of n**2 + 0*n + 0 + h*n**3 + 1/24*n**4 - 3/20*n**5. What is x(-1)?
-9
Let j be (-4)/((-1034)/(-44) + -23). Let h(u) = 2*u**2 + 18*u - 9. What is h(j)?
-25
Suppose -202 = 81*t + 932. Let c(g) = g**3 + 13*g**2 - 13*g - 7. Give c(t).
-21
Suppose 0 = 5*q - 2*q - 9. Suppose 0 = 7*w - q*w - 160. Let n(h) = w*h**2 - 2*h - h - 35*h**2 + 6*h. Determine n(-2).
14
Let h(f) = -26*f - 2. Suppose -j + 12 = 5*n + 33, 9*j + n + 13 = 0. Calculate h(j).
24
Let k(d) = 0*d**2 - d**2 - 9*d + 0*d**2 - 10. Let i(r) = -405*r - 3652. Let y be i(-9). What is k(y)?
4
Let b(z) = -z**3 + 45*z - 25. Let h be b(-7). Let f(a) = -3*a**2 + 10*a - 4. Give f(h).
-1
Let k = 2 - 2. Suppose 3 = u - k*u. Let j(v) = 11*v**3 - 3*v**2 - 4*v + 9. Let x(r) = 24*r**3 - 7*r**2 - 9*r + 19. Let q(f) = -13*j(f) + 6*x(f). Calculate q(u).
-9
Let s(n) = -9 - 43*n**3 + 9*n**2 + 64*n**3 - 22*n**3 + 5*n**2 - 12*n - 3*n**2. Give s(10).
-29
Let p(k) be the third derivative of 0*k + 1/6*k**3 + 0 + 1/24*k**4 + 67*k**2. Determine p(4).
5
Let c(g) = g. Let l(i) = -37*i + 34*i - 2 + 2 + 2. Let d(p) = 6*c(p) + l(p). Let n = -6 + 2. Determine d(n).
-10
Let a(p) = -9*p - 1. Let t(s) = s**2 + 24*s + 28. Let b be t(-23). Suppose b = -5*k + 5*c + 10, 5*c = -5*k - 15. What is a(k)?
8
Let o(y) = -8*y - 4499 - 7*y**2 - 4476 + y**3 + 8992. Give o(8).
17
Let b = -33 - -33. Let w be (36/15 - 3) + 23/5. Let g(p) = p**2 - p + 10*p - 7*p + b*p - w. What is g(-5)?
11
Let w(b) = -b**3 + 19*b**2 + b - 20. Let c(k) = k**3 + 23*k**2 + 13*k + 318. Let z be c(-23). Calculate w(z).
-1
Let a(g) be the second derivative of -g**5/20 - 5*g**4/6 - 2*g**3/3 - 5*g**2 + 1432*g. What is a(-10)?
30
Let k = -7411 - -7420. Let w(q) = 3*q - 4. Calculate w(k).
23
Let o be 6 + (-176)/(-4) + 3. Let n(r) = 0*r - 54*r**2 - 7*r + o*r**2 + 3 - 10. Let d = -13 + 7. Give n